{"id":21,"date":"2023-07-10T18:54:06","date_gmt":"2023-07-10T18:54:06","guid":{"rendered":"https:\/\/www.wildhandelgevers.de\/?page_id=21"},"modified":"2023-08-02T20:07:42","modified_gmt":"2023-08-02T20:07:42","slug":"uber-uns","status":"publish","type":"page","link":"https:\/\/www.wildhandelgevers.de\/index.php\/uber-uns\/","title":{"rendered":"\u00dcber uns"},"content":{"rendered":"\t\t<div data-elementor-type=\"wp-page\" data-elementor-id=\"21\" class=\"elementor elementor-21\">\n\t\t\t\t\t\t<section class=\"elementor-section elementor-top-section elementor-element elementor-element-1a7c55f0 elementor-section-boxed elementor-section-height-default elementor-section-height-default\" data-id=\"1a7c55f0\" data-element_type=\"section\" data-e-type=\"section\" data-settings=\"{&quot;background_background&quot;:&quot;classic&quot;}\">\n\t\t\t\t\t\t\t<div class=\"elementor-background-overlay\"><\/div>\n\t\t\t\t\t\t\t<div class=\"elementor-container elementor-column-gap-default\">\n\t\t\t\t\t<div class=\"elementor-column elementor-col-100 elementor-top-column elementor-element elementor-element-56a498f2\" data-id=\"56a498f2\" data-element_type=\"column\" data-e-type=\"column\">\n\t\t\t<div class=\"elementor-widget-wrap elementor-element-populated\">\n\t\t\t\t\t\t<div class=\"elementor-element elementor-element-3ba6dc2b elementor-widget elementor-widget-heading\" data-id=\"3ba6dc2b\" data-element_type=\"widget\" data-e-type=\"widget\" data-widget_type=\"heading.default\">\n\t\t\t\t<div class=\"elementor-widget-container\">\n\t\t\t\t\t<h1 class=\"elementor-heading-title elementor-size-default\">\u00dcber uns<\/h1>\t\t\t\t<\/div>\n\t\t\t\t<\/div>\n\t\t\t\t\t<\/div>\n\t\t<\/div>\n\t\t\t\t\t<\/div>\n\t\t<\/section>\n\t\t\t\t<section class=\"elementor-section elementor-top-section elementor-element elementor-element-27362329 elementor-section-boxed elementor-section-height-default elementor-section-height-default\" data-id=\"27362329\" data-element_type=\"section\" data-e-type=\"section\" data-settings=\"{&quot;background_background&quot;:&quot;classic&quot;}\">\n\t\t\t\t\t\t<div class=\"elementor-container elementor-column-gap-default\">\n\t\t\t\t\t<div class=\"elementor-column elementor-col-50 elementor-top-column elementor-element elementor-element-76329364\" data-id=\"76329364\" data-element_type=\"column\" data-e-type=\"column\">\n\t\t\t<div class=\"elementor-widget-wrap elementor-element-populated\">\n\t\t\t\t\t\t<section class=\"elementor-section elementor-inner-section elementor-element elementor-element-79287f6a elementor-section-boxed elementor-section-height-default elementor-section-height-default\" data-id=\"79287f6a\" data-element_type=\"section\" data-e-type=\"section\">\n\t\t\t\t\t\t<div class=\"elementor-container elementor-column-gap-default\">\n\t\t\t\t\t<div class=\"elementor-column elementor-col-100 elementor-inner-column elementor-element elementor-element-5c97e8c4\" data-id=\"5c97e8c4\" data-element_type=\"column\" data-e-type=\"column\">\n\t\t\t<div class=\"elementor-widget-wrap elementor-element-populated\">\n\t\t\t\t\t\t<div class=\"elementor-element elementor-element-6d0dee45 elementor-widget elementor-widget-heading\" data-id=\"6d0dee45\" data-element_type=\"widget\" data-e-type=\"widget\" data-widget_type=\"heading.default\">\n\t\t\t\t<div class=\"elementor-widget-container\">\n\t\t\t\t\t<h2 class=\"elementor-heading-title elementor-size-default\">Wer sind wir?<\/h2>\t\t\t\t<\/div>\n\t\t\t\t<\/div>\n\t\t\t\t\t<\/div>\n\t\t<\/div>\n\t\t\t\t\t<\/div>\n\t\t<\/section>\n\t\t\t\t<div class=\"elementor-element elementor-element-44031b9d elementor-widget elementor-widget-text-editor\" data-id=\"44031b9d\" data-element_type=\"widget\" data-e-type=\"widget\" data-widget_type=\"text-editor.default\">\n\t\t\t\t<div class=\"elementor-widget-container\">\n\t\t\t\t\t\t\t\t\t<div>\u00a0<\/div><div>&#8220;Der Wildhandel Gevers ist seit einigen Jahren bekannt f\u00fcr den Handel mit geschossenem Wild aus Deutschland und den Niederlanden. Dank der Lage unseres Wildhandels direkt an der Grenze beider L\u00e4nder sind wir in der Lage, f\u00fcr ein gro\u00dfes Gebiet verantwortungsbewusst Wild einzusammeln. Grunds\u00e4tzlich haben wir nicht die M\u00f6glichkeit, das geschossene Wild abzuholen. Bei gro\u00dfen Mengen von Gro\u00dfwild kann jedoch m\u00f6glicherweise etwas organisiert werden.<\/div><div>\u00a0<\/div><div>Wir kaufen Gro\u00dfwild (Edel- und Damhirsche, Wildschweine und Rehe)<\/div><div>Wir kaufen Kleinwild (Hasen, Fasane, Ringeltauben, wilde Enten und wilde Kaninchen)<\/div><div>\u00a0<\/div><div>Wir akzeptieren alles Wild, das gem\u00e4\u00df dem Jagdgesetz vorgeschrieben ist, unabh\u00e4ngig von der Menge. Bei gro\u00dfen Mengen von Gro\u00dfwild bitten wir Sie, fr\u00fchzeitig Kontakt mit uns aufzunehmen. Wild aus den Niederlanden muss mit einer &#8216;Erkl\u00e4rung zur Wildhygiene&#8217; oder einer &#8216;Erkl\u00e4rung zur ersten Untersuchung&#8217; geliefert werden. Aus Deutschland bitten wir um einen &#8216;Wildursprungsschein&#8217;.<\/div><div>\u00a0<\/div><div>\u00a0<\/div><div>1972 Poelier Gevers wurde gegr\u00fcndet.<\/div><div>2018 Poelier Slagerij Gevers wurde verkauft, aber der Wildhandel Gevers wurde fortgef\u00fchrt und ist bis heute noch aktiv.&#8221;<\/div>\t\t\t\t\t\t\t\t<\/div>\n\t\t\t\t<\/div>\n\t\t\t\t\t<\/div>\n\t\t<\/div>\n\t\t\t\t<div class=\"elementor-column elementor-col-50 elementor-top-column elementor-element elementor-element-3ff1bbc9\" data-id=\"3ff1bbc9\" data-element_type=\"column\" data-e-type=\"column\" data-settings=\"{&quot;background_background&quot;:&quot;classic&quot;}\">\n\t\t\t<div class=\"elementor-widget-wrap elementor-element-populated\">\n\t\t\t\t\t\t<div class=\"elementor-element elementor-element-2260ff9a elementor-widget elementor-widget-image\" data-id=\"2260ff9a\" data-element_type=\"widget\" data-e-type=\"widget\" data-widget_type=\"image.default\">\n\t\t\t\t<div class=\"elementor-widget-container\">\n\t\t\t\t\t\t\t\t\t\t\t\t\t\t\t<img decoding=\"async\" src=\"https:\/\/www.wildhandelgevers.de\/wp-content\/uploads\/elementor\/thumbs\/F1000017-q98021s48cse2raxcy9qgk6t7rk4shm3hid8qup4x4.jpg\" title=\"F1000017.jpg\" alt=\"F1000017.jpg\" loading=\"lazy\" \/>\t\t\t\t\t\t\t\t\t\t\t\t\t\t\t<\/div>\n\t\t\t\t<\/div>\n\t\t\t\t\t<\/div>\n\t\t<\/div>\n\t\t\t\t\t<\/div>\n\t\t<\/section>\n\t\t\t\t<section class=\"elementor-section elementor-top-section elementor-element elementor-element-4da2284c elementor-reverse-tablet elementor-reverse-mobile elementor-section-boxed elementor-section-height-default elementor-section-height-default\" data-id=\"4da2284c\" data-element_type=\"section\" data-e-type=\"section\" data-settings=\"{&quot;background_background&quot;:&quot;classic&quot;}\">\n\t\t\t\t\t\t<div class=\"elementor-container elementor-column-gap-default\">\n\t\t\t\t\t<section class=\"elementor-column elementor-col-50 elementor-top-column elementor-element elementor-element-5a0f29f1\" data-id=\"5a0f29f1\" data-element_type=\"column\" data-e-type=\"column\" data-settings=\"{&quot;background_background&quot;:&quot;classic&quot;}\">\n\t\t\t<div class=\"elementor-widget-wrap elementor-element-populated\">\n\t\t\t\t\t<div class=\"elementor-background-overlay\"><\/div>\n\t\t\t\t\t\t<section class=\"elementor-section elementor-inner-section elementor-element elementor-element-6d60eb37 elementor-section-boxed elementor-section-height-default elementor-section-height-default\" data-id=\"6d60eb37\" data-element_type=\"section\" data-e-type=\"section\">\n\t\t\t\t\t\t<div class=\"elementor-container elementor-column-gap-default\">\n\t\t\t\t\t<div class=\"elementor-column elementor-col-100 elementor-inner-column elementor-element elementor-element-4976174d\" data-id=\"4976174d\" data-element_type=\"column\" data-e-type=\"column\">\n\t\t\t<div class=\"elementor-widget-wrap elementor-element-populated\">\n\t\t\t\t\t\t<div class=\"elementor-element elementor-element-2fe8121f elementor-widget elementor-widget-heading\" data-id=\"2fe8121f\" data-element_type=\"widget\" data-e-type=\"widget\" data-widget_type=\"heading.default\">\n\t\t\t\t<div class=\"elementor-widget-container\">\n\t\t\t\t\t<h2 class=\"elementor-heading-title elementor-size-default\">Unsere Dienstleistungen<\/h2>\t\t\t\t<\/div>\n\t\t\t\t<\/div>\n\t\t\t\t\t<\/div>\n\t\t<\/div>\n\t\t\t\t\t<\/div>\n\t\t<\/section>\n\t\t\t\t\t<\/div>\n\t\t<\/section>\n\t\t\t\t<div class=\"elementor-column elementor-col-50 elementor-top-column elementor-element elementor-element-3f995279\" data-id=\"3f995279\" data-element_type=\"column\" data-e-type=\"column\" data-settings=\"{&quot;background_background&quot;:&quot;classic&quot;}\">\n\t\t\t<div class=\"elementor-widget-wrap elementor-element-populated\">\n\t\t\t\t\t\t<section class=\"elementor-section elementor-inner-section elementor-element elementor-element-295677b3 elementor-section-boxed elementor-section-height-default elementor-section-height-default\" data-id=\"295677b3\" data-element_type=\"section\" data-e-type=\"section\">\n\t\t\t\t\t\t<div class=\"elementor-container elementor-column-gap-default\">\n\t\t\t\t\t<div class=\"elementor-column elementor-col-50 elementor-inner-column elementor-element elementor-element-22d64620\" data-id=\"22d64620\" data-element_type=\"column\" data-e-type=\"column\" data-settings=\"{&quot;background_background&quot;:&quot;classic&quot;}\">\n\t\t\t<div class=\"elementor-widget-wrap elementor-element-populated\">\n\t\t\t\t\t\t<div class=\"elementor-element elementor-element-3cb49e2c elementor-widget elementor-widget-icon-box\" data-id=\"3cb49e2c\" data-element_type=\"widget\" data-e-type=\"widget\" data-widget_type=\"icon-box.default\">\n\t\t\t\t<div class=\"elementor-widget-container\">\n\t\t\t\t\t\t\t<div class=\"elementor-icon-box-wrapper\">\n\n\t\t\t\n\t\t\t\t\t\t<div class=\"elementor-icon-box-content\">\n\n\t\t\t\t\t\t\t\t\t<span class=\"elementor-icon-box-title\">\n\t\t\t\t\t\t<span  >\n\t\t\t\t\t\t\tLieferung von Gro\u00dfwild\t\t\t\t\t\t<\/span>\n\t\t\t\t\t<\/span>\n\t\t\t\t\n\t\t\t\t\n\t\t\t<\/div>\n\t\t\t\n\t\t<\/div>\n\t\t\t\t\t\t<\/div>\n\t\t\t\t<\/div>\n\t\t\t\t<div class=\"elementor-element elementor-element-a39dae6 elementor-align-center elementor-widget elementor-widget-button\" data-id=\"a39dae6\" data-element_type=\"widget\" data-e-type=\"widget\" data-widget_type=\"button.default\">\n\t\t\t\t<div class=\"elementor-widget-container\">\n\t\t\t\t\t\t\t\t\t<div class=\"elementor-button-wrapper\">\n\t\t\t\t\t<a class=\"elementor-button elementor-button-link elementor-size-sm\" href=\"https:\/\/www.wildhandelgevers.de\/index.php\/groswild\/\">\n\t\t\t\t\t\t<span class=\"elementor-button-content-wrapper\">\n\t\t\t\t\t\t\t\t\t<span class=\"elementor-button-text\">\"Mehr Informationen\"<\/span>\n\t\t\t\t\t<\/span>\n\t\t\t\t\t<\/a>\n\t\t\t\t<\/div>\n\t\t\t\t\t\t\t\t<\/div>\n\t\t\t\t<\/div>\n\t\t\t\t\t<\/div>\n\t\t<\/div>\n\t\t\t\t<div class=\"elementor-column elementor-col-50 elementor-inner-column elementor-element elementor-element-2beeccfe\" data-id=\"2beeccfe\" data-element_type=\"column\" data-e-type=\"column\" data-settings=\"{&quot;background_background&quot;:&quot;classic&quot;}\">\n\t\t\t<div class=\"elementor-widget-wrap elementor-element-populated\">\n\t\t\t\t\t\t<div class=\"elementor-element elementor-element-6eb959eb elementor-widget elementor-widget-icon-box\" data-id=\"6eb959eb\" data-element_type=\"widget\" data-e-type=\"widget\" data-widget_type=\"icon-box.default\">\n\t\t\t\t<div class=\"elementor-widget-container\">\n\t\t\t\t\t\t\t<div class=\"elementor-icon-box-wrapper\">\n\n\t\t\t\n\t\t\t\t\t\t<div class=\"elementor-icon-box-content\">\n\n\t\t\t\t\t\t\t\t\t<span class=\"elementor-icon-box-title\">\n\t\t\t\t\t\t<span  >\n\t\t\t\t\t\t\tLieferung von Niederwild\t\t\t\t\t\t<\/span>\n\t\t\t\t\t<\/span>\n\t\t\t\t\n\t\t\t\t\n\t\t\t<\/div>\n\t\t\t\n\t\t<\/div>\n\t\t\t\t\t\t<\/div>\n\t\t\t\t<\/div>\n\t\t\t\t<div class=\"elementor-element elementor-element-4336bc3a elementor-align-center elementor-widget elementor-widget-button\" data-id=\"4336bc3a\" data-element_type=\"widget\" data-e-type=\"widget\" data-widget_type=\"button.default\">\n\t\t\t\t<div class=\"elementor-widget-container\">\n\t\t\t\t\t\t\t\t\t<div class=\"elementor-button-wrapper\">\n\t\t\t\t\t<a class=\"elementor-button elementor-button-link elementor-size-sm\" href=\"https:\/\/www.wildhandelgevers.de\/index.php\/kleintierwild\/\">\n\t\t\t\t\t\t<span class=\"elementor-button-content-wrapper\">\n\t\t\t\t\t\t\t\t\t<span class=\"elementor-button-text\">\"Mehr Informationen\"<\/span>\n\t\t\t\t\t<\/span>\n\t\t\t\t\t<\/a>\n\t\t\t\t<\/div>\n\t\t\t\t\t\t\t\t<\/div>\n\t\t\t\t<\/div>\n\t\t\t\t\t<\/div>\n\t\t<\/div>\n\t\t\t\t\t<\/div>\n\t\t<\/section>\n\t\t\t\t\t<\/div>\n\t\t<\/div>\n\t\t\t\t\t<\/div>\n\t\t<\/section>\n\t\t\t\t<section class=\"elementor-section elementor-top-section elementor-element elementor-element-f1765f6 elementor-section-boxed elementor-section-height-default elementor-section-height-default\" data-id=\"f1765f6\" data-element_type=\"section\" data-e-type=\"section\" data-settings=\"{&quot;background_background&quot;:&quot;classic&quot;}\">\n\t\t\t\t\t\t\t<div class=\"elementor-background-overlay\"><\/div>\n\t\t\t\t\t\t\t<div class=\"elementor-container elementor-column-gap-default\">\n\t\t\t\t\t<div class=\"elementor-column elementor-col-100 elementor-top-column elementor-element elementor-element-205a5cc\" data-id=\"205a5cc\" data-element_type=\"column\" data-e-type=\"column\">\n\t\t\t<div class=\"elementor-widget-wrap elementor-element-populated\">\n\t\t\t\t\t\t<section class=\"elementor-section elementor-inner-section elementor-element elementor-element-e05a60f elementor-section-boxed elementor-section-height-default elementor-section-height-default\" data-id=\"e05a60f\" data-element_type=\"section\" data-e-type=\"section\">\n\t\t\t\t\t\t<div class=\"elementor-container elementor-column-gap-default\">\n\t\t\t\t\t<div class=\"elementor-column elementor-col-100 elementor-inner-column elementor-element elementor-element-23c4ed0\" data-id=\"23c4ed0\" data-element_type=\"column\" data-e-type=\"column\">\n\t\t\t<div class=\"elementor-widget-wrap elementor-element-populated\">\n\t\t\t\t\t\t<div class=\"elementor-element elementor-element-bf13312 elementor-widget elementor-widget-heading\" data-id=\"bf13312\" data-element_type=\"widget\" data-e-type=\"widget\" data-widget_type=\"heading.default\">\n\t\t\t\t<div class=\"elementor-widget-container\">\n\t\t\t\t\t<h2 class=\"elementor-heading-title elementor-size-default\">Nehmen Sie Kontakt mit uns auf.<\/h2>\t\t\t\t<\/div>\n\t\t\t\t<\/div>\n\t\t\t\t\t<\/div>\n\t\t<\/div>\n\t\t\t\t\t<\/div>\n\t\t<\/section>\n\t\t\t\t<div class=\"elementor-element elementor-element-0e512fa elementor-widget elementor-widget-text-editor\" data-id=\"0e512fa\" data-element_type=\"widget\" data-e-type=\"widget\" data-widget_type=\"text-editor.default\">\n\t\t\t\t<div class=\"elementor-widget-container\">\n\t\t\t\t\t\t\t\t\t<p>F\u00fcr Fragen oder weitere Informationen? <br \/>Nehmen Sie gerne \u00fcber den untenstehenden Button Kontakt mit uns auf!<\/p>\t\t\t\t\t\t\t\t<\/div>\n\t\t\t\t<\/div>\n\t\t\t\t<div class=\"elementor-element elementor-element-9ec5ef3 elementor-align-justify elementor-mobile-align-justify elementor-widget-mobile__width-inherit elementor-widget__width-auto elementor-widget elementor-widget-button\" data-id=\"9ec5ef3\" data-element_type=\"widget\" data-e-type=\"widget\" data-widget_type=\"button.default\">\n\t\t\t\t<div class=\"elementor-widget-container\">\n\t\t\t\t\t\t\t\t\t<div class=\"elementor-button-wrapper\">\n\t\t\t\t\t<a class=\"elementor-button elementor-button-link elementor-size-sm elementor-animation-wobble-vertical\" href=\"https:\/\/www.wildhandelgevers.de\/index.php\/kontakt\/\">\n\t\t\t\t\t\t<span class=\"elementor-button-content-wrapper\">\n\t\t\t\t\t\t<span class=\"elementor-button-icon\">\n\t\t\t\t<i aria-hidden=\"true\" class=\"far fa-arrow-alt-circle-right\"><\/i>\t\t\t<\/span>\n\t\t\t\t\t\t\t\t\t<span class=\"elementor-button-text\">Kontakt<\/span>\n\t\t\t\t\t<\/span>\n\t\t\t\t\t<\/a>\n\t\t\t\t<\/div>\n\t\t\t\t\t\t\t\t<\/div>\n\t\t\t\t<\/div>\n\t\t\t\t\t<\/div>\n\t\t<\/div>\n\t\t\t\t\t<\/div>\n\t\t<\/section>\n\t\t\t\t<\/div>\n\t\t","protected":false},"excerpt":{"rendered":"<p>\u00dcber uns Wer sind wir? \u00a0&#8220;Der Wildhandel Gevers ist seit einigen Jahren bekannt f\u00fcr den Handel mit geschossenem Wild aus Deutschland und den Niederlanden. Dank der Lage unseres Wildhandels direkt an der Grenze beider L\u00e4nder sind wir in der Lage, f\u00fcr ein gro\u00dfes Gebiet verantwortungsbewusst Wild einzusammeln. Grunds\u00e4tzlich haben wir nicht die M\u00f6glichkeit, das geschossene &hellip;<\/p>\n<p class=\"read-more\"> <a class=\"\" href=\"https:\/\/www.wildhandelgevers.de\/index.php\/uber-uns\/\"> <span class=\"screen-reader-text\">\u00dcber uns<\/span> Lees meer &raquo;<\/a><\/p>\n","protected":false},"author":1,"featured_media":0,"parent":0,"menu_order":0,"comment_status":"closed","ping_status":"closed","template":"","meta":{"site-sidebar-layout":"no-sidebar","site-content-layout":"page-builder","ast-global-header-display":"","ast-banner-title-visibility":"","ast-main-header-display":"","ast-hfb-above-header-display":"","ast-hfb-below-header-display":"","ast-hfb-mobile-header-display":"","site-post-title":"disabled","ast-breadcrumbs-content":"","ast-featured-img":"disabled","footer-sml-layout":"","theme-transparent-header-meta":"","adv-header-id-meta":"","stick-header-meta":"","header-above-stick-meta":"","header-main-stick-meta":"","header-below-stick-meta":"","footnotes":""},"class_list":["post-21","page","type-page","status-publish","hentry"],"yoast_head":"<!-- This site is optimized with the Yoast SEO plugin v27.4 - https:\/\/yoast.com\/product\/yoast-seo-wordpress\/ -->\n<title>\u00dcber uns -<\/title>\n<meta name=\"robots\" content=\"index, follow, max-snippet:-1, max-image-preview:large, max-video-preview:-1\" \/>\n<link rel=\"canonical\" href=\"https:\/\/www.wildhandelgevers.de\/index.php\/uber-uns\/\" \/>\n<meta property=\"og:locale\" content=\"nl_NL\" \/>\n<meta property=\"og:type\" content=\"article\" \/>\n<meta property=\"og:title\" content=\"\u00dcber uns -\" \/>\n<meta property=\"og:description\" content=\"\u00dcber uns Wer sind wir? \u00a0&#8220;Der Wildhandel Gevers ist seit einigen Jahren bekannt f\u00fcr den Handel mit geschossenem Wild aus Deutschland und den Niederlanden. Dank der Lage unseres Wildhandels direkt an der Grenze beider L\u00e4nder sind wir in der Lage, f\u00fcr ein gro\u00dfes Gebiet verantwortungsbewusst Wild einzusammeln. Grunds\u00e4tzlich haben wir nicht die M\u00f6glichkeit, das geschossene &hellip; \u00dcber uns Lees meer &raquo;\" \/>\n<meta property=\"og:url\" content=\"https:\/\/www.wildhandelgevers.de\/index.php\/uber-uns\/\" \/>\n<meta property=\"article:modified_time\" content=\"2023-08-02T20:07:42+00:00\" \/>\n<meta property=\"og:image\" content=\"https:\/\/www.wildhandelgevers.de\/wp-content\/uploads\/elementor\/thumbs\/F1000017-q98021s48cse2raxcy9qgk6t7rk4shm3hid8qup4x4.jpg\" \/>\n<meta name=\"twitter:card\" content=\"summary_large_image\" \/>\n<meta name=\"twitter:label1\" content=\"Geschatte leestijd\" \/>\n\t<meta name=\"twitter:data1\" content=\"2 minuten\" \/>\n<script type=\"application\/ld+json\" class=\"yoast-schema-graph\">{\"@context\":\"https:\\\/\\\/schema.org\",\"@graph\":[{\"@type\":\"WebPage\",\"@id\":\"https:\\\/\\\/www.wildhandelgevers.de\\\/index.php\\\/uber-uns\\\/\",\"url\":\"https:\\\/\\\/www.wildhandelgevers.de\\\/index.php\\\/uber-uns\\\/\",\"name\":\"\u00dcber uns -\",\"isPartOf\":{\"@id\":\"https:\\\/\\\/www.wildhandelgevers.de\\\/#website\"},\"primaryImageOfPage\":{\"@id\":\"https:\\\/\\\/www.wildhandelgevers.de\\\/index.php\\\/uber-uns\\\/#primaryimage\"},\"image\":{\"@id\":\"https:\\\/\\\/www.wildhandelgevers.de\\\/index.php\\\/uber-uns\\\/#primaryimage\"},\"thumbnailUrl\":\"https:\\\/\\\/www.wildhandelgevers.de\\\/wp-content\\\/uploads\\\/elementor\\\/thumbs\\\/F1000017-q98021s48cse2raxcy9qgk6t7rk4shm3hid8qup4x4.jpg\",\"datePublished\":\"2023-07-10T18:54:06+00:00\",\"dateModified\":\"2023-08-02T20:07:42+00:00\",\"breadcrumb\":{\"@id\":\"https:\\\/\\\/www.wildhandelgevers.de\\\/index.php\\\/uber-uns\\\/#breadcrumb\"},\"inLanguage\":\"nl-NL\",\"potentialAction\":[{\"@type\":\"ReadAction\",\"target\":[\"https:\\\/\\\/www.wildhandelgevers.de\\\/index.php\\\/uber-uns\\\/\"]}]},{\"@type\":\"ImageObject\",\"inLanguage\":\"nl-NL\",\"@id\":\"https:\\\/\\\/www.wildhandelgevers.de\\\/index.php\\\/uber-uns\\\/#primaryimage\",\"url\":\"https:\\\/\\\/www.wildhandelgevers.de\\\/wp-content\\\/uploads\\\/elementor\\\/thumbs\\\/F1000017-q98021s48cse2raxcy9qgk6t7rk4shm3hid8qup4x4.jpg\",\"contentUrl\":\"https:\\\/\\\/www.wildhandelgevers.de\\\/wp-content\\\/uploads\\\/elementor\\\/thumbs\\\/F1000017-q98021s48cse2raxcy9qgk6t7rk4shm3hid8qup4x4.jpg\"},{\"@type\":\"BreadcrumbList\",\"@id\":\"https:\\\/\\\/www.wildhandelgevers.de\\\/index.php\\\/uber-uns\\\/#breadcrumb\",\"itemListElement\":[{\"@type\":\"ListItem\",\"position\":1,\"name\":\"Startseite\",\"item\":\"https:\\\/\\\/www.wildhandelgevers.de\\\/\"},{\"@type\":\"ListItem\",\"position\":2,\"name\":\"\u00dcber uns\"}]},{\"@type\":\"WebSite\",\"@id\":\"https:\\\/\\\/www.wildhandelgevers.de\\\/#website\",\"url\":\"https:\\\/\\\/www.wildhandelgevers.de\\\/\",\"name\":\"\",\"description\":\"\",\"potentialAction\":[{\"@type\":\"SearchAction\",\"target\":{\"@type\":\"EntryPoint\",\"urlTemplate\":\"https:\\\/\\\/www.wildhandelgevers.de\\\/?s={search_term_string}\"},\"query-input\":{\"@type\":\"PropertyValueSpecification\",\"valueRequired\":true,\"valueName\":\"search_term_string\"}}],\"inLanguage\":\"nl-NL\"}]}<\/script>\n<!-- \/ Yoast SEO plugin. -->","yoast_head_json":{"title":"\u00dcber uns -","robots":{"index":"index","follow":"follow","max-snippet":"max-snippet:-1","max-image-preview":"max-image-preview:large","max-video-preview":"max-video-preview:-1"},"canonical":"https:\/\/www.wildhandelgevers.de\/index.php\/uber-uns\/","og_locale":"nl_NL","og_type":"article","og_title":"\u00dcber uns -","og_description":"\u00dcber uns Wer sind wir? \u00a0&#8220;Der Wildhandel Gevers ist seit einigen Jahren bekannt f\u00fcr den Handel mit geschossenem Wild aus Deutschland und den Niederlanden. Dank der Lage unseres Wildhandels direkt an der Grenze beider L\u00e4nder sind wir in der Lage, f\u00fcr ein gro\u00dfes Gebiet verantwortungsbewusst Wild einzusammeln. Grunds\u00e4tzlich haben wir nicht die M\u00f6glichkeit, das geschossene &hellip; \u00dcber uns Lees meer &raquo;","og_url":"https:\/\/www.wildhandelgevers.de\/index.php\/uber-uns\/","article_modified_time":"2023-08-02T20:07:42+00:00","og_image":[{"url":"https:\/\/www.wildhandelgevers.de\/wp-content\/uploads\/elementor\/thumbs\/F1000017-q98021s48cse2raxcy9qgk6t7rk4shm3hid8qup4x4.jpg","type":"","width":"","height":""}],"twitter_card":"summary_large_image","twitter_misc":{"Geschatte leestijd":"2 minuten"},"schema":{"@context":"https:\/\/schema.org","@graph":[{"@type":"WebPage","@id":"https:\/\/www.wildhandelgevers.de\/index.php\/uber-uns\/","url":"https:\/\/www.wildhandelgevers.de\/index.php\/uber-uns\/","name":"\u00dcber uns -","isPartOf":{"@id":"https:\/\/www.wildhandelgevers.de\/#website"},"primaryImageOfPage":{"@id":"https:\/\/www.wildhandelgevers.de\/index.php\/uber-uns\/#primaryimage"},"image":{"@id":"https:\/\/www.wildhandelgevers.de\/index.php\/uber-uns\/#primaryimage"},"thumbnailUrl":"https:\/\/www.wildhandelgevers.de\/wp-content\/uploads\/elementor\/thumbs\/F1000017-q98021s48cse2raxcy9qgk6t7rk4shm3hid8qup4x4.jpg","datePublished":"2023-07-10T18:54:06+00:00","dateModified":"2023-08-02T20:07:42+00:00","breadcrumb":{"@id":"https:\/\/www.wildhandelgevers.de\/index.php\/uber-uns\/#breadcrumb"},"inLanguage":"nl-NL","potentialAction":[{"@type":"ReadAction","target":["https:\/\/www.wildhandelgevers.de\/index.php\/uber-uns\/"]}]},{"@type":"ImageObject","inLanguage":"nl-NL","@id":"https:\/\/www.wildhandelgevers.de\/index.php\/uber-uns\/#primaryimage","url":"https:\/\/www.wildhandelgevers.de\/wp-content\/uploads\/elementor\/thumbs\/F1000017-q98021s48cse2raxcy9qgk6t7rk4shm3hid8qup4x4.jpg","contentUrl":"https:\/\/www.wildhandelgevers.de\/wp-content\/uploads\/elementor\/thumbs\/F1000017-q98021s48cse2raxcy9qgk6t7rk4shm3hid8qup4x4.jpg"},{"@type":"BreadcrumbList","@id":"https:\/\/www.wildhandelgevers.de\/index.php\/uber-uns\/#breadcrumb","itemListElement":[{"@type":"ListItem","position":1,"name":"Startseite","item":"https:\/\/www.wildhandelgevers.de\/"},{"@type":"ListItem","position":2,"name":"\u00dcber uns"}]},{"@type":"WebSite","@id":"https:\/\/www.wildhandelgevers.de\/#website","url":"https:\/\/www.wildhandelgevers.de\/","name":"","description":"","potentialAction":[{"@type":"SearchAction","target":{"@type":"EntryPoint","urlTemplate":"https:\/\/www.wildhandelgevers.de\/?s={search_term_string}"},"query-input":{"@type":"PropertyValueSpecification","valueRequired":true,"valueName":"search_term_string"}}],"inLanguage":"nl-NL"}]}},"_links":{"self":[{"href":"https:\/\/www.wildhandelgevers.de\/index.php\/wp-json\/wp\/v2\/pages\/21","targetHints":{"allow":["GET"]}}],"collection":[{"href":"https:\/\/www.wildhandelgevers.de\/index.php\/wp-json\/wp\/v2\/pages"}],"about":[{"href":"https:\/\/www.wildhandelgevers.de\/index.php\/wp-json\/wp\/v2\/types\/page"}],"author":[{"embeddable":true,"href":"https:\/\/www.wildhandelgevers.de\/index.php\/wp-json\/wp\/v2\/users\/1"}],"replies":[{"embeddable":true,"href":"https:\/\/www.wildhandelgevers.de\/index.php\/wp-json\/wp\/v2\/comments?post=21"}],"version-history":[{"count":28,"href":"https:\/\/www.wildhandelgevers.de\/index.php\/wp-json\/wp\/v2\/pages\/21\/revisions"}],"predecessor-version":[{"id":313,"href":"https:\/\/www.wildhandelgevers.de\/index.php\/wp-json\/wp\/v2\/pages\/21\/revisions\/313"}],"wp:attachment":[{"href":"https:\/\/www.wildhandelgevers.de\/index.php\/wp-json\/wp\/v2\/media?parent=21"}],"curies":[{"name":"wp","href":"https:\/\/api.w.org\/{rel}","templated":true}]}}