{"id":13,"date":"2023-07-10T18:51:43","date_gmt":"2023-07-10T18:51:43","guid":{"rendered":"https:\/\/www.wildhandelgevers.de\/?page_id=13"},"modified":"2023-08-02T19:10:51","modified_gmt":"2023-08-02T19:10:51","slug":"kleintierwild","status":"publish","type":"page","link":"https:\/\/www.wildhandelgevers.de\/index.php\/kleintierwild\/","title":{"rendered":"Lieferung von Niederwild"},"content":{"rendered":"\t\t<div data-elementor-type=\"wp-page\" data-elementor-id=\"13\" class=\"elementor elementor-13\">\n\t\t\t\t\t\t<section class=\"elementor-section elementor-top-section elementor-element elementor-element-0f48850 elementor-section-boxed elementor-section-height-default elementor-section-height-default\" data-id=\"0f48850\" data-element_type=\"section\" data-e-type=\"section\" data-settings=\"{&quot;background_background&quot;:&quot;classic&quot;}\">\n\t\t\t\t\t\t\t<div class=\"elementor-background-overlay\"><\/div>\n\t\t\t\t\t\t\t<div class=\"elementor-container elementor-column-gap-default\">\n\t\t\t\t\t<div class=\"elementor-column elementor-col-100 elementor-top-column elementor-element elementor-element-e2d5a92\" data-id=\"e2d5a92\" data-element_type=\"column\" data-e-type=\"column\">\n\t\t\t<div class=\"elementor-widget-wrap elementor-element-populated\">\n\t\t\t\t\t\t<div class=\"elementor-element elementor-element-52d1753 elementor-widget elementor-widget-heading\" data-id=\"52d1753\" data-element_type=\"widget\" data-e-type=\"widget\" data-widget_type=\"heading.default\">\n\t\t\t\t<div class=\"elementor-widget-container\">\n\t\t\t\t\t<h1 class=\"elementor-heading-title elementor-size-default\">Lieferung von niederwild<\/h1>\t\t\t\t<\/div>\n\t\t\t\t<\/div>\n\t\t\t\t\t<\/div>\n\t\t<\/div>\n\t\t\t\t\t<\/div>\n\t\t<\/section>\n\t\t\t\t<section class=\"elementor-section elementor-top-section elementor-element elementor-element-1f5d0e6e elementor-section-boxed elementor-section-height-default elementor-section-height-default\" data-id=\"1f5d0e6e\" data-element_type=\"section\" data-e-type=\"section\" data-settings=\"{&quot;background_background&quot;:&quot;classic&quot;}\">\n\t\t\t\t\t\t\t<div class=\"elementor-background-overlay\"><\/div>\n\t\t\t\t\t\t\t<div class=\"elementor-container elementor-column-gap-default\">\n\t\t\t\t\t<div class=\"elementor-column elementor-col-50 elementor-top-column elementor-element elementor-element-27a5fc6c\" data-id=\"27a5fc6c\" data-element_type=\"column\" data-e-type=\"column\">\n\t\t\t<div class=\"elementor-widget-wrap elementor-element-populated\">\n\t\t\t\t\t\t<div class=\"elementor-element elementor-element-7a5c57fd elementor-widget elementor-widget-heading\" data-id=\"7a5c57fd\" data-element_type=\"widget\" data-e-type=\"widget\" data-widget_type=\"heading.default\">\n\t\t\t\t<div class=\"elementor-widget-container\">\n\t\t\t\t\t<h2 class=\"elementor-heading-title elementor-size-default\">niederwild bei Gevers...<\/h2>\t\t\t\t<\/div>\n\t\t\t\t<\/div>\n\t\t\t\t<div class=\"elementor-element elementor-element-74e9606f elementor-widget elementor-widget-spacer\" data-id=\"74e9606f\" data-element_type=\"widget\" data-e-type=\"widget\" data-widget_type=\"spacer.default\">\n\t\t\t\t<div class=\"elementor-widget-container\">\n\t\t\t\t\t\t\t<div class=\"elementor-spacer\">\n\t\t\t<div class=\"elementor-spacer-inner\"><\/div>\n\t\t<\/div>\n\t\t\t\t\t\t<\/div>\n\t\t\t\t<\/div>\n\t\t\t\t<div class=\"elementor-element elementor-element-393cb94 animated-fast elementor-invisible elementor-widget elementor-widget-text-editor\" data-id=\"393cb94\" data-element_type=\"widget\" data-e-type=\"widget\" data-settings=\"{&quot;_animation&quot;:&quot;fadeInUp&quot;}\" data-widget_type=\"text-editor.default\">\n\t\t\t\t<div class=\"elementor-widget-container\">\n\t\t\t\t\t\t\t\t\t<p>Alles Niederwild muss geschlossen (mit Innereien) geliefert werden. Erlegtes Niederwild muss so schnell wie m\u00f6glich gek\u00fchlt werden. Zerst\u00fcckeltes Wild wird nicht angenommen; Niederwild nebeneinander legen und zuerst abk\u00fchlen lassen, nicht \u00fcbereinander in eine Kiste stapeln. Wildhygiene Pr\u00fcfsiegel<\/p><p>\u00a0<\/p>\t\t\t\t\t\t\t\t<\/div>\n\t\t\t\t<\/div>\n\t\t\t\t<div class=\"elementor-element elementor-element-4f8482cf elementor-widget__width-initial elementor-widget elementor-widget-spacer\" data-id=\"4f8482cf\" data-element_type=\"widget\" data-e-type=\"widget\" data-widget_type=\"spacer.default\">\n\t\t\t\t<div class=\"elementor-widget-container\">\n\t\t\t\t\t\t\t<div class=\"elementor-spacer\">\n\t\t\t<div class=\"elementor-spacer-inner\"><\/div>\n\t\t<\/div>\n\t\t\t\t\t\t<\/div>\n\t\t\t\t<\/div>\n\t\t\t\t\t<\/div>\n\t\t<\/div>\n\t\t\t\t<div class=\"elementor-column elementor-col-50 elementor-top-column elementor-element elementor-element-7dc3dfef\" data-id=\"7dc3dfef\" data-element_type=\"column\" data-e-type=\"column\" data-settings=\"{&quot;background_background&quot;:&quot;classic&quot;}\">\n\t\t\t<div class=\"elementor-widget-wrap elementor-element-populated\">\n\t\t\t\t\t\t<div class=\"elementor-element elementor-element-3423faf elementor-widget elementor-widget-spacer\" data-id=\"3423faf\" data-element_type=\"widget\" data-e-type=\"widget\" data-widget_type=\"spacer.default\">\n\t\t\t\t<div class=\"elementor-widget-container\">\n\t\t\t\t\t\t\t<div class=\"elementor-spacer\">\n\t\t\t<div class=\"elementor-spacer-inner\"><\/div>\n\t\t<\/div>\n\t\t\t\t\t\t<\/div>\n\t\t\t\t<\/div>\n\t\t\t\t<div class=\"elementor-element elementor-element-5dcab5a6 animated-slow elementor-invisible elementor-widget elementor-widget-image\" data-id=\"5dcab5a6\" data-element_type=\"widget\" data-e-type=\"widget\" data-settings=\"{&quot;_animation&quot;:&quot;fadeIn&quot;,&quot;_animation_delay&quot;:400}\" data-widget_type=\"image.default\">\n\t\t\t\t<div class=\"elementor-widget-container\">\n\t\t\t\t\t\t\t\t\t\t\t\t\t\t\t<img decoding=\"async\" src=\"https:\/\/www.wildhandelgevers.de\/wp-content\/uploads\/elementor\/thumbs\/haas-1-e1691000608173-qabyuuntgqoe8ocrrzk83b3qbzzfdmyau2sxm9ch1o.jpg\" title=\"haas 1\" alt=\"haas 1\" loading=\"lazy\" \/>\t\t\t\t\t\t\t\t\t\t\t\t\t\t\t<\/div>\n\t\t\t\t<\/div>\n\t\t\t\t\t<\/div>\n\t\t<\/div>\n\t\t\t\t\t<\/div>\n\t\t<\/section>\n\t\t\t\t<section class=\"elementor-section elementor-top-section elementor-element elementor-element-71a9482 elementor-section-boxed elementor-section-height-default elementor-section-height-default\" data-id=\"71a9482\" data-element_type=\"section\" data-e-type=\"section\" data-settings=\"{&quot;background_background&quot;:&quot;classic&quot;}\">\n\t\t\t\t\t\t\t<div class=\"elementor-background-overlay\"><\/div>\n\t\t\t\t\t\t\t<div class=\"elementor-container elementor-column-gap-default\">\n\t\t\t\t\t<div class=\"elementor-column elementor-col-100 elementor-top-column elementor-element elementor-element-3bfb30d\" data-id=\"3bfb30d\" data-element_type=\"column\" data-e-type=\"column\">\n\t\t\t<div class=\"elementor-widget-wrap elementor-element-populated\">\n\t\t\t\t\t\t<section class=\"elementor-section elementor-inner-section elementor-element elementor-element-c498fa1 elementor-section-boxed elementor-section-height-default elementor-section-height-default\" data-id=\"c498fa1\" data-element_type=\"section\" data-e-type=\"section\">\n\t\t\t\t\t\t<div class=\"elementor-container elementor-column-gap-default\">\n\t\t\t\t\t<div class=\"elementor-column elementor-col-100 elementor-inner-column elementor-element elementor-element-6adf7fa\" data-id=\"6adf7fa\" data-element_type=\"column\" data-e-type=\"column\">\n\t\t\t<div class=\"elementor-widget-wrap elementor-element-populated\">\n\t\t\t\t\t\t<div class=\"elementor-element elementor-element-96ce790 elementor-widget elementor-widget-heading\" data-id=\"96ce790\" data-element_type=\"widget\" data-e-type=\"widget\" data-widget_type=\"heading.default\">\n\t\t\t\t<div class=\"elementor-widget-container\">\n\t\t\t\t\t<h2 class=\"elementor-heading-title elementor-size-default\">Nehmen Sie Kontakt mit uns auf.<\/h2>\t\t\t\t<\/div>\n\t\t\t\t<\/div>\n\t\t\t\t\t<\/div>\n\t\t<\/div>\n\t\t\t\t\t<\/div>\n\t\t<\/section>\n\t\t\t\t<div class=\"elementor-element elementor-element-ad25551 elementor-widget elementor-widget-text-editor\" data-id=\"ad25551\" data-element_type=\"widget\" data-e-type=\"widget\" data-widget_type=\"text-editor.default\">\n\t\t\t\t<div class=\"elementor-widget-container\">\n\t\t\t\t\t\t\t\t\t<p>F\u00fcr Fragen oder weitere Informationen? <br>Nehmen Sie gerne \u00fcber den untenstehenden Button Kontakt mit uns auf!<\/p>\t\t\t\t\t\t\t\t<\/div>\n\t\t\t\t<\/div>\n\t\t\t\t<div class=\"elementor-element elementor-element-09204ff elementor-align-justify elementor-mobile-align-justify elementor-widget-mobile__width-inherit elementor-widget__width-auto elementor-widget elementor-widget-button\" data-id=\"09204ff\" data-element_type=\"widget\" data-e-type=\"widget\" data-widget_type=\"button.default\">\n\t\t\t\t<div class=\"elementor-widget-container\">\n\t\t\t\t\t\t\t\t\t<div class=\"elementor-button-wrapper\">\n\t\t\t\t\t<a class=\"elementor-button elementor-button-link elementor-size-sm elementor-animation-wobble-vertical\" href=\"https:\/\/www.wildhandelgevers.de\/index.php\/kontakt\/\">\n\t\t\t\t\t\t<span class=\"elementor-button-content-wrapper\">\n\t\t\t\t\t\t<span class=\"elementor-button-icon\">\n\t\t\t\t<i aria-hidden=\"true\" class=\"far fa-arrow-alt-circle-right\"><\/i>\t\t\t<\/span>\n\t\t\t\t\t\t\t\t\t<span class=\"elementor-button-text\">Kontakt<\/span>\n\t\t\t\t\t<\/span>\n\t\t\t\t\t<\/a>\n\t\t\t\t<\/div>\n\t\t\t\t\t\t\t\t<\/div>\n\t\t\t\t<\/div>\n\t\t\t\t\t<\/div>\n\t\t<\/div>\n\t\t\t\t\t<\/div>\n\t\t<\/section>\n\t\t\t\t<\/div>\n\t\t","protected":false},"excerpt":{"rendered":"<p>Lieferung von niederwild niederwild bei Gevers&#8230; Alles Niederwild muss geschlossen (mit Innereien) geliefert werden. Erlegtes Niederwild muss so schnell wie m\u00f6glich gek\u00fchlt werden. Zerst\u00fcckeltes Wild wird nicht angenommen; Niederwild nebeneinander legen und zuerst abk\u00fchlen lassen, nicht \u00fcbereinander in eine Kiste stapeln. Wildhygiene Pr\u00fcfsiegel \u00a0 Nehmen Sie Kontakt mit uns auf. F\u00fcr Fragen oder weitere Informationen? &hellip;<\/p>\n<p class=\"read-more\"> <a class=\"\" href=\"https:\/\/www.wildhandelgevers.de\/index.php\/kleintierwild\/\"> <span class=\"screen-reader-text\">Lieferung von Niederwild<\/span> Lees meer &raquo;<\/a><\/p>\n","protected":false},"author":1,"featured_media":0,"parent":0,"menu_order":0,"comment_status":"closed","ping_status":"closed","template":"","meta":{"site-sidebar-layout":"no-sidebar","site-content-layout":"page-builder","ast-global-header-display":"","ast-banner-title-visibility":"","ast-main-header-display":"","ast-hfb-above-header-display":"","ast-hfb-below-header-display":"","ast-hfb-mobile-header-display":"","site-post-title":"disabled","ast-breadcrumbs-content":"","ast-featured-img":"disabled","footer-sml-layout":"","theme-transparent-header-meta":"","adv-header-id-meta":"","stick-header-meta":"","header-above-stick-meta":"","header-main-stick-meta":"","header-below-stick-meta":"","footnotes":""},"class_list":["post-13","page","type-page","status-publish","hentry"],"yoast_head":"<!-- This site is optimized with the Yoast SEO plugin v27.4 - https:\/\/yoast.com\/product\/yoast-seo-wordpress\/ -->\n<title>Lieferung von Niederwild -<\/title>\n<meta name=\"robots\" content=\"index, follow, max-snippet:-1, max-image-preview:large, max-video-preview:-1\" \/>\n<link rel=\"canonical\" href=\"https:\/\/www.wildhandelgevers.de\/index.php\/kleintierwild\/\" \/>\n<meta property=\"og:locale\" content=\"nl_NL\" \/>\n<meta property=\"og:type\" content=\"article\" \/>\n<meta property=\"og:title\" content=\"Lieferung von Niederwild -\" \/>\n<meta property=\"og:description\" content=\"Lieferung von niederwild niederwild bei Gevers&#8230; Alles Niederwild muss geschlossen (mit Innereien) geliefert werden. Erlegtes Niederwild muss so schnell wie m\u00f6glich gek\u00fchlt werden. Zerst\u00fcckeltes Wild wird nicht angenommen; Niederwild nebeneinander legen und zuerst abk\u00fchlen lassen, nicht \u00fcbereinander in eine Kiste stapeln. Wildhygiene Pr\u00fcfsiegel \u00a0 Nehmen Sie Kontakt mit uns auf. F\u00fcr Fragen oder weitere Informationen? &hellip; Lieferung von Niederwild Lees meer &raquo;\" \/>\n<meta property=\"og:url\" content=\"https:\/\/www.wildhandelgevers.de\/index.php\/kleintierwild\/\" \/>\n<meta property=\"article:modified_time\" content=\"2023-08-02T19:10:51+00:00\" \/>\n<meta property=\"og:image\" content=\"https:\/\/www.wildhandelgevers.de\/wp-content\/uploads\/elementor\/thumbs\/haas-1-e1691000608173-qabyuuntgqoe8ocrrzk83b3qbzzfdmyau2sxm9ch1o.jpg\" \/>\n<meta name=\"twitter:card\" content=\"summary_large_image\" \/>\n<meta name=\"twitter:label1\" content=\"Geschatte leestijd\" \/>\n\t<meta name=\"twitter:data1\" content=\"1 minuut\" \/>\n<script type=\"application\/ld+json\" class=\"yoast-schema-graph\">{\"@context\":\"https:\\\/\\\/schema.org\",\"@graph\":[{\"@type\":\"WebPage\",\"@id\":\"https:\\\/\\\/www.wildhandelgevers.de\\\/index.php\\\/kleintierwild\\\/\",\"url\":\"https:\\\/\\\/www.wildhandelgevers.de\\\/index.php\\\/kleintierwild\\\/\",\"name\":\"Lieferung von Niederwild -\",\"isPartOf\":{\"@id\":\"https:\\\/\\\/www.wildhandelgevers.de\\\/#website\"},\"primaryImageOfPage\":{\"@id\":\"https:\\\/\\\/www.wildhandelgevers.de\\\/index.php\\\/kleintierwild\\\/#primaryimage\"},\"image\":{\"@id\":\"https:\\\/\\\/www.wildhandelgevers.de\\\/index.php\\\/kleintierwild\\\/#primaryimage\"},\"thumbnailUrl\":\"https:\\\/\\\/www.wildhandelgevers.de\\\/wp-content\\\/uploads\\\/elementor\\\/thumbs\\\/haas-1-e1691000608173-qabyuuntgqoe8ocrrzk83b3qbzzfdmyau2sxm9ch1o.jpg\",\"datePublished\":\"2023-07-10T18:51:43+00:00\",\"dateModified\":\"2023-08-02T19:10:51+00:00\",\"breadcrumb\":{\"@id\":\"https:\\\/\\\/www.wildhandelgevers.de\\\/index.php\\\/kleintierwild\\\/#breadcrumb\"},\"inLanguage\":\"nl-NL\",\"potentialAction\":[{\"@type\":\"ReadAction\",\"target\":[\"https:\\\/\\\/www.wildhandelgevers.de\\\/index.php\\\/kleintierwild\\\/\"]}]},{\"@type\":\"ImageObject\",\"inLanguage\":\"nl-NL\",\"@id\":\"https:\\\/\\\/www.wildhandelgevers.de\\\/index.php\\\/kleintierwild\\\/#primaryimage\",\"url\":\"https:\\\/\\\/www.wildhandelgevers.de\\\/wp-content\\\/uploads\\\/elementor\\\/thumbs\\\/haas-1-e1691000608173-qabyuuntgqoe8ocrrzk83b3qbzzfdmyau2sxm9ch1o.jpg\",\"contentUrl\":\"https:\\\/\\\/www.wildhandelgevers.de\\\/wp-content\\\/uploads\\\/elementor\\\/thumbs\\\/haas-1-e1691000608173-qabyuuntgqoe8ocrrzk83b3qbzzfdmyau2sxm9ch1o.jpg\"},{\"@type\":\"BreadcrumbList\",\"@id\":\"https:\\\/\\\/www.wildhandelgevers.de\\\/index.php\\\/kleintierwild\\\/#breadcrumb\",\"itemListElement\":[{\"@type\":\"ListItem\",\"position\":1,\"name\":\"Startseite\",\"item\":\"https:\\\/\\\/www.wildhandelgevers.de\\\/\"},{\"@type\":\"ListItem\",\"position\":2,\"name\":\"Lieferung von Niederwild\"}]},{\"@type\":\"WebSite\",\"@id\":\"https:\\\/\\\/www.wildhandelgevers.de\\\/#website\",\"url\":\"https:\\\/\\\/www.wildhandelgevers.de\\\/\",\"name\":\"\",\"description\":\"\",\"potentialAction\":[{\"@type\":\"SearchAction\",\"target\":{\"@type\":\"EntryPoint\",\"urlTemplate\":\"https:\\\/\\\/www.wildhandelgevers.de\\\/?s={search_term_string}\"},\"query-input\":{\"@type\":\"PropertyValueSpecification\",\"valueRequired\":true,\"valueName\":\"search_term_string\"}}],\"inLanguage\":\"nl-NL\"}]}<\/script>\n<!-- \/ Yoast SEO plugin. -->","yoast_head_json":{"title":"Lieferung von Niederwild -","robots":{"index":"index","follow":"follow","max-snippet":"max-snippet:-1","max-image-preview":"max-image-preview:large","max-video-preview":"max-video-preview:-1"},"canonical":"https:\/\/www.wildhandelgevers.de\/index.php\/kleintierwild\/","og_locale":"nl_NL","og_type":"article","og_title":"Lieferung von Niederwild -","og_description":"Lieferung von niederwild niederwild bei Gevers&#8230; Alles Niederwild muss geschlossen (mit Innereien) geliefert werden. Erlegtes Niederwild muss so schnell wie m\u00f6glich gek\u00fchlt werden. Zerst\u00fcckeltes Wild wird nicht angenommen; Niederwild nebeneinander legen und zuerst abk\u00fchlen lassen, nicht \u00fcbereinander in eine Kiste stapeln. Wildhygiene Pr\u00fcfsiegel \u00a0 Nehmen Sie Kontakt mit uns auf. F\u00fcr Fragen oder weitere Informationen? &hellip; Lieferung von Niederwild Lees meer &raquo;","og_url":"https:\/\/www.wildhandelgevers.de\/index.php\/kleintierwild\/","article_modified_time":"2023-08-02T19:10:51+00:00","og_image":[{"url":"https:\/\/www.wildhandelgevers.de\/wp-content\/uploads\/elementor\/thumbs\/haas-1-e1691000608173-qabyuuntgqoe8ocrrzk83b3qbzzfdmyau2sxm9ch1o.jpg","type":"","width":"","height":""}],"twitter_card":"summary_large_image","twitter_misc":{"Geschatte leestijd":"1 minuut"},"schema":{"@context":"https:\/\/schema.org","@graph":[{"@type":"WebPage","@id":"https:\/\/www.wildhandelgevers.de\/index.php\/kleintierwild\/","url":"https:\/\/www.wildhandelgevers.de\/index.php\/kleintierwild\/","name":"Lieferung von Niederwild -","isPartOf":{"@id":"https:\/\/www.wildhandelgevers.de\/#website"},"primaryImageOfPage":{"@id":"https:\/\/www.wildhandelgevers.de\/index.php\/kleintierwild\/#primaryimage"},"image":{"@id":"https:\/\/www.wildhandelgevers.de\/index.php\/kleintierwild\/#primaryimage"},"thumbnailUrl":"https:\/\/www.wildhandelgevers.de\/wp-content\/uploads\/elementor\/thumbs\/haas-1-e1691000608173-qabyuuntgqoe8ocrrzk83b3qbzzfdmyau2sxm9ch1o.jpg","datePublished":"2023-07-10T18:51:43+00:00","dateModified":"2023-08-02T19:10:51+00:00","breadcrumb":{"@id":"https:\/\/www.wildhandelgevers.de\/index.php\/kleintierwild\/#breadcrumb"},"inLanguage":"nl-NL","potentialAction":[{"@type":"ReadAction","target":["https:\/\/www.wildhandelgevers.de\/index.php\/kleintierwild\/"]}]},{"@type":"ImageObject","inLanguage":"nl-NL","@id":"https:\/\/www.wildhandelgevers.de\/index.php\/kleintierwild\/#primaryimage","url":"https:\/\/www.wildhandelgevers.de\/wp-content\/uploads\/elementor\/thumbs\/haas-1-e1691000608173-qabyuuntgqoe8ocrrzk83b3qbzzfdmyau2sxm9ch1o.jpg","contentUrl":"https:\/\/www.wildhandelgevers.de\/wp-content\/uploads\/elementor\/thumbs\/haas-1-e1691000608173-qabyuuntgqoe8ocrrzk83b3qbzzfdmyau2sxm9ch1o.jpg"},{"@type":"BreadcrumbList","@id":"https:\/\/www.wildhandelgevers.de\/index.php\/kleintierwild\/#breadcrumb","itemListElement":[{"@type":"ListItem","position":1,"name":"Startseite","item":"https:\/\/www.wildhandelgevers.de\/"},{"@type":"ListItem","position":2,"name":"Lieferung von Niederwild"}]},{"@type":"WebSite","@id":"https:\/\/www.wildhandelgevers.de\/#website","url":"https:\/\/www.wildhandelgevers.de\/","name":"","description":"","potentialAction":[{"@type":"SearchAction","target":{"@type":"EntryPoint","urlTemplate":"https:\/\/www.wildhandelgevers.de\/?s={search_term_string}"},"query-input":{"@type":"PropertyValueSpecification","valueRequired":true,"valueName":"search_term_string"}}],"inLanguage":"nl-NL"}]}},"_links":{"self":[{"href":"https:\/\/www.wildhandelgevers.de\/index.php\/wp-json\/wp\/v2\/pages\/13","targetHints":{"allow":["GET"]}}],"collection":[{"href":"https:\/\/www.wildhandelgevers.de\/index.php\/wp-json\/wp\/v2\/pages"}],"about":[{"href":"https:\/\/www.wildhandelgevers.de\/index.php\/wp-json\/wp\/v2\/types\/page"}],"author":[{"embeddable":true,"href":"https:\/\/www.wildhandelgevers.de\/index.php\/wp-json\/wp\/v2\/users\/1"}],"replies":[{"embeddable":true,"href":"https:\/\/www.wildhandelgevers.de\/index.php\/wp-json\/wp\/v2\/comments?post=13"}],"version-history":[{"count":42,"href":"https:\/\/www.wildhandelgevers.de\/index.php\/wp-json\/wp\/v2\/pages\/13\/revisions"}],"predecessor-version":[{"id":298,"href":"https:\/\/www.wildhandelgevers.de\/index.php\/wp-json\/wp\/v2\/pages\/13\/revisions\/298"}],"wp:attachment":[{"href":"https:\/\/www.wildhandelgevers.de\/index.php\/wp-json\/wp\/v2\/media?parent=13"}],"curies":[{"name":"wp","href":"https:\/\/api.w.org\/{rel}","templated":true}]}}